is i(b)?
-15
Let g(b) = -9 - 6*b**2 - 4 - 1 + 11*b - 4 + 11*b**2. Give g(-3).
-6
Let h(m) = m**3 - 6*m**2 - 9*m + 11. Let q(l) = 3*l**2 + 31*l - 8. Let x be q(-14). Let n = 153 - x. Give h(n).
-3
Let w(z) = -2*z - 13. Let f(j) = 163*j - 1308. Let x be f(8). Determine w(x).
-5
Let x(h) = h + 20. Let u(s) = s**2 + 14*s - 5. Let m be 188/(-14) + 66/154. Let j be u(m). What is x(j)?
2
Suppose 0*n + n - 5*c - 17 = 0, 0 = -2*n + 4*c + 22. Suppose -11*v - 24 = -n*v. Let z(t) = -14 + 15 + 8 + t. What is z(v)?
3
Let z(s) = 4*s**3 - 2*s - 68 + 67 - s**2 - s + 5*s. Let x(c) = -5*c - 34. Suppose t - 5*t = 28. Let b be x(t). Determine z(b).
4
Let o(j) be the first derivative of j**3/3 - j**2/2 - j - 1. Let k = -315 + 314. Let s be (4/(-3))/(k*(-16)/(-36)). What is o(s)?
5
Suppose -i - 2450 = 27*i - 2450. Let u(l) = -l**3 + 2*l**2 - l. Determine u(i).
0
Let n(z) be the third derivative of z**6/120 - 11*z**5/60 - 5*z**4/12 + z**3/2 - 2611*z**2. Calculate n(11).
-107
Let c(t) = t - 44. Let k be c(15). Let o = 30 + k. Let n(v) = 0 - 526*v + 525*v - o. What is n(-2)?
1
Let f(l) be the first derivative of l**2/2 - 10*l + 1. Let o(c) = -17*c**3 + c**2 + 2*c + 1. Let x be o(-1). What is f(x)?
7
Let d(y) be the second derivative of y**5/60 + 5*y**4/24 + 2*y**3/3 + 5*y**2/2 - 45*y + 2. Let r(w) be the first derivative of d(w). Give r(-7).
18
Let d be (-5018)/(-579)*6/26. Let a(u) = -u + 4. Calculate a(d).
2
Let a(n) = -95 + 1405*n**2 + 1372*n**2 - 26 - 2758*n**2 + 7*n - n**3. Calculate a(19).
12
Let s(v) = -5*v**2 + 3*v. Let j = 1977 + -1975. Calculate s(j).
-14
Let c(q) = -79644*q**3 - 2 + 39825*q**3 + 39818*q**3 + 42*q - 11*q**2. Calculate c(-14).
-2
Let q = 3698 - 3692. Let c(t) = t**2 - 7. Calculate c(q).
29
Let o(a) = 308*a - 10 - 80*a - 73*a - 72*a - 78*a. Give o(-4).
-30
Let i(j) be the first derivative of 1/3*j**3 + 8*j + 4*j**2 - 22. Determine i(-8).
8
Let h(p) = p**3 - 4*p**2 - 6*p + 1. Let t = 24 - 8. Let l = t - 9. Suppose 4*b + o = 28 - 9, -3*o = 2*b - l. Give h(b).
-4
Let h(r) = -63492*r**2 - 8*r + 19 + 63479*r**2 - 44*r + 81*r + 3*r**3 - 2*r**3. Give h(10).
9
Let j(u) = -u**2 - 4*u + 5. Suppose -p = -2, p = c + 5*p - 294. Suppose -5*n = -3*n - c. Let m = 139 - n. Give j(m).
5
Let d(c) be the first derivative of 8/3*c**3 - 1/4*c**4 + 9/2*c**2 - 37 - 5*c. Calculate d(9).
-5
Let j(x) = -7. Let k(v) = -v + 4. Let d(o) = 5*j(o) + 4*k(o). Determine d(-9).
17
Let m(y) = -y**2 + 3. Let n = 10 - 23. Let q = 11 + n. Let u be m(q). Let f(g) = -13*g**2 + 2*g + 1. Calculate f(u).
-14
Let v(s) be the third derivative of s**8/20160 - s**7/1260 - s**6/120 + 17*s**5/60 + s**2. Let d(a) be the third derivative of v(a). Calculate d(6).
6
Let m(r) be the first derivative of -4*r + 1/4*r**4 - 2*r**2 + r**3 + 38. Calculate m(-4).
-4
Let d(f) = f**3 - 10*f**2 + 17*f. Let h be (-5 - -81)/4 + -11. What is d(h)?
8
Let z(k) = -k**3 + 16*k**2 + 1. Let u(g) = -4*g**2 - 54*g - 56. Let x be u(-12). Give z(x).
1
Let k = -3999 - -4004. Let x(d) = d**3 - 5*d**2 - 7*d + 3. Determine x(k).
-32
Let w = -10 + 24. Suppose 17*u = 3*u + w. Let p(r) = 5*r**2 + r - 1. What is p(u)?
5
Let n(h) be the third derivative of h**6/120 - h**5/12 - 7*h**4/24 - 2*h**3/3 - 2020*h**2. Determine n(6).
-10
Let j be 74/(-6) - 8/12. Let h = 1 + j. Let i be 1/4 + 51/h. Let r(s) = -s**3 - 3*s**2 + 2*s - 5. What is r(i)?
3
Let v = -25 - -26. Let n be (-2)/8*v*-12. Suppose -n*h = 5*k - 10, -k + h = -5 - 5. Let s(d) = d**2 - 5*d - 4. What is s(k)?
-4
Let z(f) = f**2 + f + 41. Let b(x) = -x**2 - 3*x. Let t(i) = 3*b(i) + z(i). Let d be t(-7). Let r(a) = -a + 3*a + a. Calculate r(d).
-3
Let g(l) = -3*l - 23. Let r(j) = j**3 - j**2 - 13*j - 4. Let y be r(4). Give g(y).
1
Let k(z) = 38*z + 21. Let m = 9617 + -9618. What is k(m)?
-17
Suppose 0 = u - 4*u + 45. Let c(m) = -u*m**2 - 16*m**2 - m**3 - 26*m**2 + 62*m**2 + 7. Calculate c(5).
7
Let a(w) = -4*w**2 + 6*w + 1. Let o(y) be the first derivative of y**3 - 5*y**2/2 - 75. Let z(h) = 2*a(h) + 3*o(h). What is z(3)?
2
Suppose -12*j - 63 = -2*i - 15*j, 5*i - 5*j = 95. Let k(u) = -u**2 + 21*u + 64. Let q be k(i). Let w(f) = -f - 5. Determine w(q).
3
Let p(q) be the third derivative of q**5/60 - 7*q**4/24 + q**3/2 - 2*q**2. Let j(c) = -2*c**2 + 15*c - 6. Let k be j(-9). Let u = 308 + k. What is p(u)?
-7
Let k(i) = -i**3 + i**2 + 17. Let h(y) = -6*y**2 - 39*y - 15. Let p be h(-6). Suppose p*w - 11*w = 0. Determine k(w).
17
Let a(x) be the third derivative of x**4/6 + x**3/3 - x**2. Let z be 3*(132/(-99))/((-28)/(-21)). Determine a(z).
-10
Let h(c) = 25*c - 16. Let v(q) = -55*q + 31. Let t(i) = 13*h(i) + 6*v(i). What is t(-3)?
-7
Let o(t) = -t**3 + 7*t**2 - t + 8. Let a = 1237 - 1232. Give o(a).
53
Let f(j) = -14*j + 92. Let x be f(5). Suppose -2*m = 3*w + x, -4*w + 7*w = 5*m + 13. Let z(d) = d**3 + 7*d**2 + 6*d - 7. Calculate z(m).
13
Suppose -52*b + 49*b = 0. Let d(f) = 4*f - 3*f + b*f - 5. Calculate d(5).
0
Suppose 5*a + 2*h - 1 = 2*a, 3 = -3*a - 3*h. Let m(k) = 14*k**2 + k**a - 4*k**2 - 4*k + 1 - 5 - 5*k**2. Calculate m(-5).
16
Let r(d) = -d**2 + d. Let k(t) be the second derivative of t**4/3 + 5*t**3/6 + 44*t. Let l(m) = k(m) + 3*r(m). Determine l(-7).
-7
Let f(q) = -q**2 - 13*q + 13. Let i be -11 - (135/180)/((-2)/8). Calculate f(i).
53
Let x(k) be the second derivative of -k**4/12 - 7*k**2/2 + 6*k. Suppose -2*f + 4*a = 12, -12*f = -7*f + 2*a - 6. Give x(f).
-7
Let u(b) be the second derivative of b**4/12 + 7*b**3/6 - b**2 - 3*b + 83. Suppose 0 = 2*z + 6, -2*z - 2*z - 19 = a. Give u(a).
-2
Suppose -5*n - 93 = 3*j, 50 = -3*n + 188*j - 184*j. Let w(m) = -2*m - 21. What is w(n)?
15
Let t(o) be the first derivative of -o**4/3 - 5*o**3/6 - o**2 + 31*o + 68. Let h(p) be the first derivative of t(p). Let g be (1*-3)/(-2 + 3). Determine h(g).
-23
Let h(u) = -u - 2 - 2*u - u + 5*u. Let n = 10109 + -10102. What is h(n)?
5
Let d(f) = -f + 8. Suppose 0 = 16*i - 860 - 4. Let k be 26/(-3) + 36/i. Give d(k).
16
Let x(m) = -9*m - 1. Suppose -3*n + 0*n - 3 = 0. Suppose z = -3*j - 9, 143 = 5*z + 128. Let t be (-2)/((n - -4)/((-6)/j)). Determine x(t).
8
Let b = -294 + 299. Let f(g) = 23*g + 14 - 24*g - b - 1. Determine f(0).
8
Suppose 253 = 12*m + 205. Let g(p) = -3*p - m*p + 8 + 9*p. What is g(-8)?
-8
Let z(n) = -783 - 22*n + 25*n + 784. Suppose -v - 3*o + 2 = -9, 0 = 3*v + 5*o - 17. What is z(v)?
-2
Let r be -3 + (5 - (0 - 0)). Let f(d) = d**3 - d**2 + d + 1. Let q(n) = -8*n**3 + 7*n**2 - 4*n - 9. Let a(t) = -6*f(t) - q(t). What is a(r)?
11
Let v = 85 - 85. Let z be (v + -1)*-6 + -4. Let i(l) = 8*l**z - l**2 - 2*l**2 + 4*l - 7 - 4*l**2. What is i(-6)?
5
Let b be 11 - (20/(-10) - -11). Let z(j) be the first derivative of 7 + 2*j**b + 1/3*j**3 + 2*j. Calculate z(-3).
-1
Let h(p) = 89*p + 2206. Let r be h(-25). Let y(n) = -11*n - 71. Let d(v) = 7*v + 47. Let l(s) = 8*d(s) + 5*y(s). What is l(r)?
2
Let l(a) = a**2 + 7*a + 18. Let q be l(-5). Suppose -i - q*i = -i. Let b(x) = -x - 10. Determine b(i).
-10
Suppose -3*r - v = 16, -r - 7*v = -3*v + 20. Let s be (0 + -2)*2/r. Let t(b) = 5*b - 1 + 7*b**2 - 5*b + b. What is t(s)?
7
Let y(o) = -o + 14. Let r(v) = -v**3 + 8*v**2 - 2*v - 5. Let q be r(-5). Let g be (12/26)/(-6) + q/65. Calculate y(g).
9
Let h(n) be the third derivative of 1/24*n**4 + 0 - 1/12*n**5 - 1/120*n**6 + 0*n + 1/6*n**3 + 53*n**2. Calculate h(-4).
-19
Let o(g) = -11 - 47 + 116 - 45 - 4*g**2 + 3*g**2 - g. Calculate o(4).
-7
Suppose v = 4 - 6. Let g(c) = 1356 - 1366 - 2*c**3 + 0*c**3 - 3*c**2 - 5*c. Let b be g(v). Let k(j) = j + 5. What is k(b)?
9
Let q(m) be the first derivative of 13*m**2 + 315*m + 2206. Determine q(-12).
3
Let l(a) = a**2 - 1. Let y be l(-2). Let j(s) = -4*s - 18. Let x(v) = -3*v - 13. Let m be 16/(-8) - (-5 + -2). Let u(b) = m*j(b) - 7*x(b). Determine u(y).
4
Let b(q) be the first derivative of -q**3/3 + 5*q**2 - 2*q + 1. Let x = 55907 + -55897. Calculate b(x).
-2
Let g(s) = s**3 + 6*s**2 - 11*s - 7. Suppose n = -0*n + 2. Suppose -2*y + n = -y - 5*p, -3*y = -5*p - 6. Suppose y*k + 28 = -2*k. Give g(k).
21
Let m(y) = -y**2 + 26 + 8*y + 15 - 31 - 56 + 25 + 24. Suppose -o + 8 = 5*v, 5*o - 51 = -v - 11. What is m(o)?
3
Suppose 4*z - 3*g = -3, 0*z + g = -3*z + 14. Let l be (-1)/z + 150/18. Let x = 11 - l. Let d(o) = -o**2 + o + 1. Calculate d(x).
-5
Suppose -3